s divided by 104.
14
Calculate the remainder when 14617 is divided by 7295.
27
Calculate the remainder when 1660422 is divided by 396.
390
What is the remainder when 25621 is divided by 2327?
24
Calculate the remainder when 653 is divided by 447.
206
What is the remainder when 2060 is divided by 1025?
10
Calculate the remainder when 2027 is divided by 56.
11
What is the remainder when 20407 is divided by 3134?
1603
Calculate the remainder when 3296 is divided by 596.
316
What is the remainder when 1275579 is divided by 608?
603
What is the remainder when 44451 is divided by 1233?
63
Calculate the remainder when 3257 is divided by 44.
1
Calculate the remainder when 100128 is divided by 113.
10
What is the remainder when 351 is divided by 250?
101
Calculate the remainder when 4709 is divided by 27.
11
What is the remainder when 3952 is divided by 364?
312
Calculate the remainder when 760 is divided by 60.
40
What is the remainder when 18083 is divided by 2582?
9
Calculate the remainder when 842 is divided by 23.
14
What is the remainder when 872 is divided by 53?
24
What is the remainder when 82 is divided by 47?
35
Calculate the remainder when 210677 is divided by 36.
5
Calculate the remainder when 6296 is divided by 629.
6
What is the remainder when 1049 is divided by 250?
49
What is the remainder when 38679 is divided by 142?
55
Calculate the remainder when 4669 is divided by 160.
29
What is the remainder when 37146 is divided by 21?
18
What is the remainder when 1264 is divided by 1170?
94
What is the remainder when 11947 is divided by 116?
115
What is the remainder when 41377 is divided by 450?
427
Calculate the remainder when 27899 is divided by 372.
371
What is the remainder when 59330 is divided by 29665?
0
What is the remainder when 5607 is divided by 200?
7
Calculate the remainder when 1429 is divided by 39.
25
Calculate the remainder when 11535 is divided by 1437.
39
What is the remainder when 9140 is divided by 12?
8
What is the remainder when 78394 is divided by 282?
280
Calculate the remainder when 45468 is divided by 94.
66
What is the remainder when 72654 is divided by 117?
114
Calculate the remainder when 29142 is divided by 428.
38
Calculate the remainder when 483 is divided by 129.
96
Calculate the remainder when 56024 is divided by 249.
248
Calculate the remainder when 101888 is divided by 101875.
13
What is the remainder when 24042 is divided by 2402?
22
Calculate the remainder when 2309549 is divided by 267.
266
What is the remainder when 30497 is divided by 296?
9
What is the remainder when 2533 is divided by 560?
293
What is the remainder when 6771 is divided by 296?
259
What is the remainder when 1386 is divided by 168?
42
What is the remainder when 158751 is divided by 561?
549
What is the remainder when 29664 is divided by 93?
90
Calculate the remainder when 258929 is divided by 86309.
2
Calculate the remainder when 7216 is divided by 82.
0
What is the remainder when 5586 is divided by 312?
282
Calculate the remainder when 2352 is divided by 471.
468
Calculate the remainder when 14223 is divided by 138.
9
Calculate the remainder when 1283 is divided by 19.
10
What is the remainder when 1184 is divided by 374?
62
Calculate the remainder when 499215 is divided by 92.
23
What is the remainder when 22455 is divided by 72?
63
What is the remainder when 6775 is divided by 482?
27
What is the remainder when 8604161 is divided by 966?
965
What is the remainder when 1742 is divided by 1690?
52
What is the remainder when 6406 is divided by 3135?
136
Calculate the remainder when 154604 is divided by 5153.
14
Calculate the remainder when 96766 is divided by 36.
34
Calculate the remainder when 781078 is divided by 120.
118
What is the remainder when 70103 is divided by 278?
47
Calculate the remainder when 2012 is divided by 182.
10
What is the remainder when 2523 is divided by 22?
15
Calculate the remainder when 24562 is divided by 523.
504
What is the remainder when 16852 is divided by 626?
576
What is the remainder when 274 is divided by 40?
34
Calculate the remainder when 2044372 is divided by 6.
4
Calculate the remainder when 306 is divided by 34.
0
What is the remainder when 334075 is divided by 870?
865
What is the remainder when 2188 is divided by 344?
124
Calculate the remainder when 159252 is divided by 627.
621
Calculate the remainder when 705223 is divided by 104.
103
What is the remainder when 2652985 is divided by 497?
496
Calculate the remainder when 48366 is divided by 16122.
0
Calculate the remainder when 2255 is divided by 50.
5
What is the remainder when 6451 is divided by 93?
34
Calculate the remainder when 145982 is divided by 72979.
24
Calculate the remainder when 55305 is divided by 299.
289
Calculate the remainder when 38064 is divided by 40.
24
Calculate the remainder when 1344 is divided by 121.
13
What is the remainder when 1687 is divided by 279?
13
What is the remainder when 995 is divided by 84?
71
Calculate the remainder when 11350 is divided by 2258.
60
What is the remainder when 3595 is divided by 108?
31
What is the remainder when 6174 is divided by 193?
191
Calculate the remainder when 663 is divided by 402.
261
Calculate the remainder when 5930 is divided by 229.
205
What is the remainder when 138835 is divided by 94?
91
Calculate the remainder when 4833 is divided by 2405.
23
What is the remainder when 6296 is divided by 449?
10
Calculate the remainder when 65794 is divided by 3283.
134
What is the remainder when 1081 is divided by 381?
319
What is the remainder when 43499 is divided by 103?
33
Calculate the remainder when 46728 is divided by 118.
0
What is the remainder when 29384 is divided by 14692?
0
What is the remainder when 31840 is divided by 11?
6
Calculate the remainder when 9056 is divided by 77.
47
What is the remainder when 8334 is divided by 311?
248
What is the remainder when 35529 is divided by 4441?
1
What is the remainder when 62792 is divided by 596?
212
Calculate the remainder when 281159 is divided by 447.
443
Calculate the remainder when 5921 is divided by 489.
53
Calculate the remainder when 41399 is divided by 8260.
99
Calculate the remainder when 4105 is divided by 42.
31
What is the remainder when 4915063 is divided by 616?
615
Calculate the remainder when 34349 is divided by 1531.
667
Calculate the remainder when 1118 is divided by 204.
98
Calculate the remainder when 1122 is divided by 223.
7
Calculate the remainder when 63517 is divided by 31758.
1
What is the remainder when 2227 is divided by 81?
40
What is the remainder when 11249 is divided by 96?
17
What is the remainder when 211018 is divided by 142?
6
What is the remainder when 972298 is divided by 60?
58
Calculate the remainder when 2276 is divided by 53.
50
What is the remainder when 263569 is divided by 1141?
1139
Calculate the remainder when 755 is divided by 95.
90
Calculate the remainder when 3234 is divided by 1073.
15
Calculate the remainder when 5755741 is divided by 63.
61
What is the remainder when 37135 is divided by 134?
17
Calculate the remainder when 2541 is divided by 968.
605
Calculate the remainder when 191677 is divided by 599.
596
Calculate the remainder when 1975 is divided by 1922.
53
What is the remainder when 67420 is divided by 126?
10
What is the remainder when 1334342 is divided by 166790?
22
What is the remainder when 46894 is divided by 711?
679
Calculate the remainder when 11698 is divided by 6.
4
Calculate the remainder when 12661 is divided by 127.
88
What is the remainder when 127070 is divided by 1017?
962
What is the remainder when 102824 is divided by 418?
414
Calculate the remainder when 1726 is divided by 267.
124
Calculate the remainder when 3934 is divided by 3927.
7
Calculate the remainder when 1712 is divided by 64.
48
Calculate the remainder when 12296 is divided by 410.
406
What is the remainder when 297773 is divided by 35?
28
What is the remainder when 86657 is divided by 35?
32
What is the remainder when 5662 is divided by 1321?
378
Calculate the remainder when 251631 is divided by 34.
31
What is the remainder when 113867 is divided by 56923?
21
What is the remainder when 416 is divided by 295?
121
Calculate the remainder when 206979 is divided by 316.
315
What